{"id":133580,"date":"2025-04-16T22:36:39","date_gmt":"2025-04-16T20:36:39","guid":{"rendered":"https:\/\/seotranslationpro.com\/imprint-2-2\/"},"modified":"2026-02-10T22:40:54","modified_gmt":"2026-02-10T21:40:54","slug":"impresszum-2","status":"publish","type":"page","link":"https:\/\/seotranslationpro.com\/hu\/impresszum-2\/","title":{"rendered":"Impresszum"},"content":{"rendered":"<h4>Inform\u00e1ci\u00f3k a \u00a7 5 TMG szerint:<\/h4>\n<p>Thilo Beier<br \/>\nUerdinger Str. 630<br \/>\n47800 Krefeld<\/p>\n<p>Telefon: 0178 8683167<br \/>\nFax: 03222 3943427<\/p>\n<p>E-Mail: <a href=\"mailto:info@seotranslation.com\">info@seotranslation.com<\/a><\/p>\n<h4>\u00c1FA:<\/h4>\n<p>\u00c1FA azonos\u00edt\u00f3 sz\u00e1m a \u00a727 a Umsatzsteuergesetz szerint: DE305919192<\/p>\n<h4>Vitarendez\u00e9s:<\/h4>\n<p>Az Eur\u00f3pai Bizotts\u00e1g online vitarendez\u00e9si platformot (ODR) biztos\u00edt: <a href=\"https:\/\/ec.europa.eu\/consumers\/odr\">https:\/\/ec.europa.eu\/consumers\/odr<\/a>.<br \/>\nE-mail c\u00edm\u00fcnket a fentiek k\u00f6z\u00f6tt, az impresszumban tal\u00e1lod.<\/p>\n<p>Nem vagyunk hajland\u00f3ak vagy k\u00f6telesek fogyaszt\u00f3i vitarendez\u00e9si elj\u00e1r\u00e1sban r\u00e9szt venni.<\/p>\n<h4>Felel\u0151ss\u00e9g a tartalom\u00e9rt:<\/h4>\n<p>Szolg\u00e1ltat\u00f3k\u00e9nt a saj\u00e1t tartalmunk\u00e9rt ezen az oldalon a \u00a7 7 para.1 TMG szerint, az \u00e1ltal\u00e1nos jogszab\u00e1lyok alapj\u00e1n felel\u00fcnk. A \u00a7 8-10 TMG szerint azonban nem vagyunk k\u00f6telesek szolg\u00e1ltat\u00f3k\u00e9nt a tov\u00e1bb\u00edtott vagy t\u00e1rolt k\u00fcls\u0151 inform\u00e1ci\u00f3kat figyelni, illetve az illeg\u00e1lis tev\u00e9kenys\u00e9gre utal\u00f3 k\u00f6r\u00fclm\u00e9nyeket vizsg\u00e1lni.<\/p>\n<p>Az \u00e1ltal\u00e1nos jogszab\u00e1lyok szerinti elt\u00e1vol\u00edt\u00e1si vagy hozz\u00e1f\u00e9r\u00e9sblokkol\u00e1si k\u00f6telezetts\u00e9gek v\u00e1ltozatlanul \u00e9rv\u00e9nyesek. Felel\u0151ss\u00e9g csak a konkr\u00e9t jogs\u00e9rt\u00e9s tudom\u00e1s\u00e1ra jut\u00e1s\u00e1t\u00f3l lehets\u00e9ges. Ilyen jogs\u00e9rt\u00e9s tudom\u00e1s\u00e1ra jut\u00e1sa eset\u00e9n azonnal elt\u00e1vol\u00edtjuk az adott tartalmat.<\/p>\n<h4>Felel\u0151ss\u00e9g a linkek\u00e9rt:<\/h4>\n<p>Aj\u00e1nlatunk k\u00fcls\u0151, harmadik f\u00e9l weboldalakra mutat\u00f3 linkeket tartalmaz, amelyek tartalm\u00e1ra nincs befoly\u00e1sunk. Ez\u00e9rt ezek\u00e9rt a k\u00fcls\u0151 tartalmak\u00e9rt nem v\u00e1llalunk felel\u0151ss\u00e9get. A linkelt oldalak tartalm\u00e1\u00e9rt mindig az adott szolg\u00e1ltat\u00f3 vagy \u00fczemeltet\u0151 felel\u0151s. A linkel\u00e9s id\u0151pontj\u00e1ban a linkelt oldalak jogs\u00e9rt\u0151 tartalma nem volt felismerhet\u0151.<\/p>\n<p>A linkelt oldalak tartalm\u00e1nak folyamatos ellen\u0151rz\u00e9se azonban nem \u00e9sszer\u0171 konkr\u00e9t jogs\u00e9rt\u00e9s gyan\u00faja n\u00e9lk\u00fcl. Jogelleness\u00e9g tudom\u00e1s\u00e1ra jut\u00e1sa eset\u00e9n azonnal elt\u00e1vol\u00edtjuk az ilyen linkeket.<\/p>\n<h4>Szerz\u0151i jog:<\/h4>\n<p>Az oldal \u00fczemeltet\u0151i \u00e1ltal ezen az oldalon l\u00e9trehozott tartalmak \u00e9s m\u0171vek a n\u00e9met szerz\u0151i jog hat\u00e1lya al\u00e1 tartoznak. Ezek m\u00e1sol\u00e1sa, feldolgoz\u00e1sa, terjeszt\u00e9se \u00e9s b\u00e1rmilyen m\u00e1s hasznos\u00edt\u00e1sa a szerz\u0151 \u00edr\u00e1sbeli enged\u00e9lye n\u00e9lk\u00fcl tilos. Az oldal let\u00f6lt\u00e9se \u00e9s m\u00e1sol\u00e1sa kiz\u00e1r\u00f3lag mag\u00e1n, nem kereskedelmi c\u00e9lra enged\u00e9lyezett.<\/p>\n<p>Amennyiben az oldalon tal\u00e1lhat\u00f3 tartalmat nem az \u00fczemeltet\u0151 k\u00e9sz\u00edtette, tiszteletben tartjuk a harmadik felek szerz\u0151i jogait. K\u00fcl\u00f6n\u00f6sen a harmadik f\u00e9lt\u0151l sz\u00e1rmaz\u00f3 tartalmakat ennek megfelel\u0151en jel\u00f6lj\u00fck. Ha m\u00e9gis szerz\u0151i jogs\u00e9rt\u00e9sre leszel figyelmes, k\u00e9rj\u00fck, jelezd nek\u00fcnk. Jogelleness\u00e9g tudom\u00e1s\u00e1ra jut\u00e1sa eset\u00e9n azonnal elt\u00e1vol\u00edtjuk az ilyen tartalmat.<\/p>\n","protected":false},"excerpt":{"rendered":"<p>Inform\u00e1ci\u00f3k a \u00a7 5 TMG szerint: Thilo Beier Uerdinger Str. 630 47800 Krefeld Telefon: 0178 8683167 Fax: 03222 3943427 E-Mail: info@seotranslation.com \u00c1FA: \u00c1FA azonos\u00edt\u00f3 sz\u00e1m a \u00a727 a Umsatzsteuergesetz szerint: DE305919192 Vitarendez\u00e9s: Az Eur\u00f3pai Bizotts\u00e1g online vitarendez\u00e9si platformot (ODR) biztos\u00edt: https:\/\/ec.europa.eu\/consumers\/odr. E-mail c\u00edm\u00fcnket a fentiek k\u00f6z\u00f6tt, az impresszumban tal\u00e1lod. Nem vagyunk hajland\u00f3ak vagy k\u00f6telesek fogyaszt\u00f3i [&hellip;]<\/p>\n","protected":false},"author":1,"featured_media":0,"parent":0,"menu_order":0,"comment_status":"open","ping_status":"open","template":"","meta":{"_seopress_robots_primary_cat":"","_seopress_titles_title":"","_seopress_titles_desc":"","_seopress_robots_index":"","iawp_total_views":0,"footnotes":""},"class_list":["post-133580","page","type-page","status-publish","hentry"],"_links":{"self":[{"href":"https:\/\/seotranslationpro.com\/hu\/wp-json\/wp\/v2\/pages\/133580","targetHints":{"allow":["GET"]}}],"collection":[{"href":"https:\/\/seotranslationpro.com\/hu\/wp-json\/wp\/v2\/pages"}],"about":[{"href":"https:\/\/seotranslationpro.com\/hu\/wp-json\/wp\/v2\/types\/page"}],"author":[{"embeddable":true,"href":"https:\/\/seotranslationpro.com\/hu\/wp-json\/wp\/v2\/users\/1"}],"replies":[{"embeddable":true,"href":"https:\/\/seotranslationpro.com\/hu\/wp-json\/wp\/v2\/comments?post=133580"}],"version-history":[{"count":0,"href":"https:\/\/seotranslationpro.com\/hu\/wp-json\/wp\/v2\/pages\/133580\/revisions"}],"wp:attachment":[{"href":"https:\/\/seotranslationpro.com\/hu\/wp-json\/wp\/v2\/media?parent=133580"}],"curies":[{"name":"wp","href":"https:\/\/api.w.org\/{rel}","templated":true}]}}

<h4>Információk a § 5 TMG szerint:</h4>
<p>Thilo Beier<br />
Uerdinger Str. 630<br />
47800 Krefeld</p>
<p>Telefon: 0178 8683167<br />
Fax: 03222 3943427</p>
<p>E-Mail: <a href="mailto:info@seotranslation.com">info@seotranslation.com</a></p>
<h4>ÁFA:</h4>
<p>ÁFA azonosító szám a §27 a Umsatzsteuergesetz szerint: DE305919192</p>
<h4>Vitarendezés:</h4>
<p>Az Európai Bizottság online vitarendezési platformot (ODR) biztosít: <a href="https://ec.europa.eu/consumers/odr">https://ec.europa.eu/consumers/odr</a>.<br />
E-mail címünket a fentiek között, az impresszumban találod.</p>
<p>Nem vagyunk hajlandóak vagy kötelesek fogyasztói vitarendezési eljárásban részt venni.</p>
<h4>Felelősség a tartalomért:</h4>
<p>Szolgáltatóként a saját tartalmunkért ezen az oldalon a § 7 para.1 TMG szerint, az általános jogszabályok alapján felelünk. A § 8-10 TMG szerint azonban nem vagyunk kötelesek szolgáltatóként a továbbított vagy tárolt külső információkat figyelni, illetve az illegális tevékenységre utaló körülményeket vizsgálni.</p>
<p>Az általános jogszabályok szerinti eltávolítási vagy hozzáférésblokkolási kötelezettségek változatlanul érvényesek. Felelősség csak a konkrét jogsértés tudomására jutásától lehetséges. Ilyen jogsértés tudomására jutása esetén azonnal eltávolítjuk az adott tartalmat.</p>
<h4>Felelősség a linkekért:</h4>
<p>Ajánlatunk külső, harmadik fél weboldalakra mutató linkeket tartalmaz, amelyek tartalmára nincs befolyásunk. Ezért ezekért a külső tartalmakért nem vállalunk felelősséget. A linkelt oldalak tartalmáért mindig az adott szolgáltató vagy üzemeltető felelős. A linkelés időpontjában a linkelt oldalak jogsértő tartalma nem volt felismerhető.</p>
<p>A linkelt oldalak tartalmának folyamatos ellenőrzése azonban nem ésszerű konkrét jogsértés gyanúja nélkül. Jogellenesség tudomására jutása esetén azonnal eltávolítjuk az ilyen linkeket.</p>
<h4>Szerzői jog:</h4>
<p>Az oldal üzemeltetői által ezen az oldalon létrehozott tartalmak és művek a német szerzői jog hatálya alá tartoznak. Ezek másolása, feldolgozása, terjesztése és bármilyen más hasznosítása a szerző írásbeli engedélye nélkül tilos. Az oldal letöltése és másolása kizárólag magán, nem kereskedelmi célra engedélyezett.</p>
<p>Amennyiben az oldalon található tartalmat nem az üzemeltető készítette, tiszteletben tartjuk a harmadik felek szerzői jogait. Különösen a harmadik féltől származó tartalmakat ennek megfelelően jelöljük. Ha mégis szerzői jogsértésre leszel figyelmes, kérjük, jelezd nekünk. Jogellenesség tudomására jutása esetén azonnal eltávolítjuk az ilyen tartalmat.</p>

<p>Információk a § 5 TMG szerint: Thilo Beier Uerdinger Str. 630 47800 Krefeld Telefon: 0178 8683167 Fax: 03222 3943427 E-Mail: info@seotranslation.com ÁFA: ÁFA azonosító szám a §27 a Umsatzsteuergesetz szerint: DE305919192 Vitarendezés: Az Európai Bizottság online vitarendezési platformot (ODR) biztosít: https://ec.europa.eu/consumers/odr. E-mail címünket a fentiek között, az impresszumban találod. Nem vagyunk hajlandóak vagy kötelesek fogyasztói [&hellip;]</p>
